{"id":946,"date":"2020-01-13T11:17:52","date_gmt":"2020-01-13T11:17:52","guid":{"rendered":"https:\/\/demosites.io\/marketing-agency-gb\/?page_id=5"},"modified":"2025-05-27T09:59:11","modified_gmt":"2025-05-27T08:59:11","slug":"bcd31-home","status":"publish","type":"page","link":"https:\/\/optiker-bogen.de\/","title":{"rendered":"Home"},"content":{"rendered":"\n<div id=\"wp-block-themeisle-blocks-slider-6a240f94\" class=\"wp-block-themeisle-blocks-slider glide\" data-per-view=\"1\" data-gap=\"0\" data-peek=\"0\" data-autoplay=\"true\" data-height=\"800px\" data-hide-arrows=\"false\" data-transition=\"ease-in\"><div class=\"glide__track\" data-glide-el=\"track\"><div class=\"glide__slides\"><div class=\"wp-block-themeisle-blocks-slider-item-wrapper glide__slide\" tabindex=\"0\"><figure><img decoding=\"async\" class=\"wp-block-themeisle-blocks-slider-item\" src=\"https:\/\/optiker-bogen.de\/wp-content\/uploads\/2025\/03\/PXL_20250201_102639211-scaled.jpg\" alt=\"\" title=\"\" data-id=\"994\"\/><\/figure><\/div><div class=\"wp-block-themeisle-blocks-slider-item-wrapper glide__slide\" tabindex=\"0\"><figure><img decoding=\"async\" class=\"wp-block-themeisle-blocks-slider-item\" src=\"https:\/\/optiker-bogen.de\/wp-content\/uploads\/2025\/03\/20211026_180111.jpg\" alt=\"\" title=\"\" data-id=\"990\"\/><\/figure><\/div><div class=\"wp-block-themeisle-blocks-slider-item-wrapper glide__slide\" tabindex=\"0\"><figure><img decoding=\"async\" class=\"wp-block-themeisle-blocks-slider-item\" src=\"https:\/\/optiker-bogen.de\/wp-content\/uploads\/2025\/03\/PXL_20250303_1036130062-scaled.jpg\" alt=\"\" title=\"\" data-id=\"1024\"\/><\/figure><\/div><div class=\"wp-block-themeisle-blocks-slider-item-wrapper glide__slide\" tabindex=\"0\"><figure><img decoding=\"async\" class=\"wp-block-themeisle-blocks-slider-item\" src=\"https:\/\/optiker-bogen.de\/wp-content\/uploads\/2025\/03\/PXL_20250110_164203058-scaled.jpg\" alt=\"\" title=\"\" data-id=\"1025\"\/><\/figure><\/div><div class=\"wp-block-themeisle-blocks-slider-item-wrapper glide__slide\" tabindex=\"0\"><figure><img decoding=\"async\" class=\"wp-block-themeisle-blocks-slider-item\" src=\"https:\/\/optiker-bogen.de\/wp-content\/uploads\/2025\/02\/IMG-20250201-WA0012.jpg\" alt=\"\" title=\"\" data-id=\"968\"\/><\/figure><\/div><div class=\"wp-block-themeisle-blocks-slider-item-wrapper glide__slide\" tabindex=\"0\"><figure><img decoding=\"async\" class=\"wp-block-themeisle-blocks-slider-item\" src=\"https:\/\/optiker-bogen.de\/wp-content\/uploads\/2025\/05\/PXL_20250409_065745413-scaled.jpg\" alt=\"\" title=\"\" data-id=\"1141\"\/><\/figure><\/div><div class=\"wp-block-themeisle-blocks-slider-item-wrapper glide__slide\" tabindex=\"0\"><figure><img decoding=\"async\" class=\"wp-block-themeisle-blocks-slider-item\" src=\"https:\/\/optiker-bogen.de\/wp-content\/uploads\/2025\/03\/IMG_E0492-scaled.jpg\" alt=\"\" title=\"\" data-id=\"991\"\/><\/figure><\/div><div class=\"wp-block-themeisle-blocks-slider-item-wrapper glide__slide\" tabindex=\"0\"><figure><img decoding=\"async\" class=\"wp-block-themeisle-blocks-slider-item\" src=\"https:\/\/optiker-bogen.de\/wp-content\/uploads\/2025\/05\/a6i7i2nx.png\" alt=\"\" title=\"\" data-id=\"1132\"\/><\/figure><\/div><div class=\"wp-block-themeisle-blocks-slider-item-wrapper glide__slide\" tabindex=\"0\"><figure><img decoding=\"async\" class=\"wp-block-themeisle-blocks-slider-item\" src=\"https:\/\/optiker-bogen.de\/wp-content\/uploads\/2025\/05\/PXL_20250507_084437392-scaled.jpg\" alt=\"\" title=\"\" data-id=\"1163\"\/><\/figure><\/div><div class=\"wp-block-themeisle-blocks-slider-item-wrapper glide__slide\" tabindex=\"0\"><figure><img decoding=\"async\" class=\"wp-block-themeisle-blocks-slider-item\" src=\"https:\/\/optiker-bogen.de\/wp-content\/uploads\/2025\/04\/PXL_20250402_0944371603.jpg\" alt=\"\" title=\"\" data-id=\"1069\"\/><\/figure><\/div><div class=\"wp-block-themeisle-blocks-slider-item-wrapper glide__slide\" tabindex=\"0\"><figure><img decoding=\"async\" class=\"wp-block-themeisle-blocks-slider-item\" src=\"https:\/\/optiker-bogen.de\/wp-content\/uploads\/2025\/05\/20220125_162444-scaled.jpg\" alt=\"\" title=\"\" data-id=\"1146\"\/><\/figure><\/div><\/div><div class=\"glide__bullets\" data-glide-el=\"controls[nav]\"><button class=\"glide__bullet\" data-glide-dir=\"=0\"><\/button><button class=\"glide__bullet\" data-glide-dir=\"=1\"><\/button><button class=\"glide__bullet\" data-glide-dir=\"=2\"><\/button><button class=\"glide__bullet\" data-glide-dir=\"=3\"><\/button><button class=\"glide__bullet\" data-glide-dir=\"=4\"><\/button><button class=\"glide__bullet\" data-glide-dir=\"=5\"><\/button><button class=\"glide__bullet\" data-glide-dir=\"=6\"><\/button><button class=\"glide__bullet\" data-glide-dir=\"=7\"><\/button><button class=\"glide__bullet\" data-glide-dir=\"=8\"><\/button><button class=\"glide__bullet\" data-glide-dir=\"=9\"><\/button><button class=\"glide__bullet\" data-glide-dir=\"=10\"><\/button><\/div><\/div><\/div>\n\n\n\n<p><\/p>\n\n\n<h1 class=\"wp-block-site-title\"><a href=\"https:\/\/optiker-bogen.de\" target=\"_self\" rel=\"home\">Optik Starcke<\/a><\/h1>\n\n\n<p><\/p>\n\n\n\n<p class=\"has-text-align-center has-medium-font-size\">Ihr <strong>Optiker<\/strong> in der Rautenstadt <strong>Bogen<\/strong><\/p>\n\n\n\n<ul class=\"wp-block-list\">\n<li class=\"has-medium-font-size\">Traditionsfachgesch\u00e4ft, seit 1979<\/li>\n\n\n\n<li class=\"has-medium-font-size\">pers\u00f6nliche und professionelle Beratung langj\u00e4hriger und fachkundiger Mitarbeiter<\/li>\n\n\n\n<li class=\"has-medium-font-size\">wir finden die bestm\u00f6gliche L\u00f6sung f\u00fcr jede Sehanforderung vom Kleinkind bis zum Senior<\/li>\n\n\n\n<li class=\"has-medium-font-size\">eine gro\u00dfe Auswahl an Produkten von renommierten Herstellern<\/li>\n\n\n\n<li class=\"has-medium-font-size\">hohe Qualit\u00e4t und modernste Technik<\/li>\n\n\n\n<li class=\"has-medium-font-size\">hauseigene Augenoptik- Werkstatt, da finden wir immer eine L\u00f6sung f\u00fcr Ihre Brille<\/li>\n\n\n\n<li><\/li>\n\n\n\n<li class=\"has-medium-font-size\"><br>Unsere Grunds\u00e4tze<\/li>\n\n\n\n<li class=\"has-medium-font-size\">langfristig zufriedene Kunden<\/li>\n\n\n\n<li class=\"has-medium-font-size\">modernste Technik<\/li>\n\n\n\n<li class=\"has-medium-font-size\">Bewahrung des Handwerks, Brillen werden alle in der eigenen Werkstatt gefertigt<\/li>\n\n\n\n<li class=\"has-medium-font-size\">pers\u00f6nliche Beratung<\/li>\n\n\n\n<li class=\"has-medium-font-size\">Qualit\u00e4t<\/li>\n<\/ul>\n\n\n\n<p><\/p>\n\n\n\n<div class=\"wp-block-group\" style=\"padding-top:var(--wp--preset--spacing--50);padding-bottom:var(--wp--preset--spacing--50)\"><div class=\"wp-block-group__inner-container is-layout-constrained wp-block-group-is-layout-constrained\">\n<div class=\"wp-block-columns is-layout-flex wp-container-core-columns-is-layout-9d6595d7 wp-block-columns-is-layout-flex\">\n<div class=\"wp-block-column neve-duotone has-black-color has-text-color has-link-color wp-elements-8ac86c5e636d0e3f7bcf81880ea23f2c is-layout-flow wp-block-column-is-layout-flow\" style=\"padding-right:var(--wp--preset--spacing--30);padding-left:var(--wp--preset--spacing--30)\">\n<div style=\"height:16px\" aria-hidden=\"true\" class=\"wp-block-spacer\"><\/div>\n\n\n\n<h3 class=\"wp-block-heading has-text-align-center has-neve-text-color-color has-text-color has-medium-font-size\"><a href=\"https:\/\/optiker-bogen.de\/?page_id=61\" data-type=\"page\" data-id=\"61\">Team<\/a><\/h3>\n\n\n\n<p class=\"has-text-align-center\"><br>Lerne unsere Mitarbeiter\/innen kennen<\/p>\n<\/div>\n\n\n\n<div class=\"wp-block-column has-black-color has-text-color has-link-color wp-elements-397de6eaa02bab9925e1bd9023859be8 is-layout-flow wp-block-column-is-layout-flow\" style=\"padding-right:var(--wp--preset--spacing--30);padding-left:var(--wp--preset--spacing--30)\">\n<div style=\"height:16px\" aria-hidden=\"true\" class=\"wp-block-spacer\"><\/div>\n\n\n\n<h3 class=\"wp-block-heading has-text-align-center has-neve-text-color-color has-text-color has-medium-font-size\"><a href=\"https:\/\/optiker-bogen.de\/?page_id=948\" data-type=\"page\" data-id=\"948\">Brillen<\/a><\/h3>\n\n\n\n<p class=\"has-text-align-center\"><br>Vom Sehtest, \u00fcber die Fassungs- und Glasauswahl<\/p>\n<\/div>\n\n\n\n<div class=\"wp-block-column has-black-color has-text-color has-link-color wp-elements-725f71eab1b69c8051de6b1b9ae65b4a is-layout-flow wp-block-column-is-layout-flow\" style=\"padding-right:var(--wp--preset--spacing--30);padding-left:var(--wp--preset--spacing--30)\">\n<div style=\"height:16px\" aria-hidden=\"true\" class=\"wp-block-spacer\"><\/div>\n\n\n\n<h3 class=\"wp-block-heading has-text-align-center has-neve-text-color-color has-text-color has-medium-font-size\"><a href=\"https:\/\/optiker-bogen.de\/?page_id=69\" data-type=\"page\" data-id=\"69\">Kontaktlinsen<\/a><\/h3>\n\n\n\n<p class=\"has-text-align-center\"><br>Zusammen finden wir f\u00fcr dich die bestm\u00f6gliche Kontaktlinsen<\/p>\n<\/div>\n\n\n\n<div class=\"wp-block-column has-black-color has-text-color has-link-color wp-elements-9f942d149bc72cc58ea436d567d7a6f5 is-layout-flow wp-block-column-is-layout-flow\" style=\"padding-right:var(--wp--preset--spacing--30);padding-left:var(--wp--preset--spacing--30)\">\n<div style=\"height:16px\" aria-hidden=\"true\" class=\"wp-block-spacer\"><\/div>\n\n\n\n<h3 class=\"wp-block-heading has-text-align-center has-neve-text-color-color has-text-color has-medium-font-size\"><a href=\"https:\/\/optiker-bogen.de\/?page_id=983\" data-type=\"page\" data-id=\"983\">visuelle Rehabilitation<\/a><\/h3>\n\n\n\n<p class=\"has-text-align-center\">Vergr\u00f6\u00dfernde Sehhilfen k\u00f6nnen das Leben erleichtern<\/p>\n<\/div>\n<\/div>\n\n\n<div class=\"is-default-size wp-block-site-logo\"><a href=\"https:\/\/optiker-bogen.de\/\" class=\"custom-logo-link\" rel=\"home\"><img decoding=\"async\" width=\"150\" height=\"150\" src=\"https:\/\/optiker-bogen.de\/wp-content\/uploads\/2025\/03\/cropped-logo_v2.0.3.1.png\" class=\"custom-logo\" alt=\"Optik Starcke\" srcset=\"https:\/\/optiker-bogen.de\/wp-content\/uploads\/2025\/03\/cropped-logo_v2.0.3.1.png 150w, https:\/\/optiker-bogen.de\/wp-content\/uploads\/2025\/03\/cropped-logo_v2.0.3.1-60x60.png 60w\" sizes=\"(max-width: 150px) 100vw, 150px\" \/><\/a><\/div>\n\n\n<h2 class=\"wp-block-heading\">Unsere Geschichte<\/h2>\n\n\n\n<p class=\"has-white-color has-text-color\">Optik Starcke ist schon seit 1979 am Bogener Stadtplatz zu finden und Anlaufstelle f\u00fcr Kunden, die eine hochwertige Brille, Kontaktlinsen oder andere optische Ger\u00e4te suchen.<\/p>\n\n\n\n<p class=\"has-black-color has-text-color\">Franz Anzinger hat 1975 bei Optik in Straubing seine Ausbildung angefangen und seit 1984 ist er staatl. gepr\u00fcfter Augenoptikmeister und als Standortleitung in Bogen besch\u00e4ftigt. Seit 2008 ist er Inhaber und Gesch\u00e4ftsf\u00fchrer von Optik Starcke in Bogen.<\/p>\n<\/div><\/div>\n\n\n\n<p><\/p>\n","protected":false},"excerpt":{"rendered":"<p>Ihr Optiker in der Rautenstadt Bogen Team Lerne unsere Mitarbeiter\/innen kennen Brillen Vom Sehtest, \u00fcber die Fassungs- und Glasauswahl Kontaktlinsen Zusammen finden wir f\u00fcr dich die bestm\u00f6gliche Kontaktlinsen visuelle Rehabilitation Vergr\u00f6\u00dfernde Sehhilfen k\u00f6nnen das Leben erleichtern Unsere Geschichte Optik Starcke ist schon seit 1979 am Bogener Stadtplatz zu finden und Anlaufstelle f\u00fcr Kunden, die eine &hellip; <\/p>\n","protected":false},"author":1,"featured_media":0,"parent":0,"menu_order":1,"comment_status":"closed","ping_status":"closed","template":"","meta":{"_themeisle_gutenberg_block_has_review":false,"footnotes":""},"class_list":["post-946","page","type-page","status-publish","hentry"],"_links":{"self":[{"href":"https:\/\/optiker-bogen.de\/index.php?rest_route=\/wp\/v2\/pages\/946","targetHints":{"allow":["GET"]}}],"collection":[{"href":"https:\/\/optiker-bogen.de\/index.php?rest_route=\/wp\/v2\/pages"}],"about":[{"href":"https:\/\/optiker-bogen.de\/index.php?rest_route=\/wp\/v2\/types\/page"}],"author":[{"embeddable":true,"href":"https:\/\/optiker-bogen.de\/index.php?rest_route=\/wp\/v2\/users\/1"}],"replies":[{"embeddable":true,"href":"https:\/\/optiker-bogen.de\/index.php?rest_route=%2Fwp%2Fv2%2Fcomments&post=946"}],"version-history":[{"count":18,"href":"https:\/\/optiker-bogen.de\/index.php?rest_route=\/wp\/v2\/pages\/946\/revisions"}],"predecessor-version":[{"id":1172,"href":"https:\/\/optiker-bogen.de\/index.php?rest_route=\/wp\/v2\/pages\/946\/revisions\/1172"}],"wp:attachment":[{"href":"https:\/\/optiker-bogen.de\/index.php?rest_route=%2Fwp%2Fv2%2Fmedia&parent=946"}],"curies":[{"name":"wp","href":"https:\/\/api.w.org\/{rel}","templated":true}]}}

<div id="wp-block-themeisle-blocks-slider-6a240f94" class="wp-block-themeisle-blocks-slider glide" data-per-view="1" data-gap="0" data-peek="0" data-autoplay="true" data-height="800px" data-hide-arrows="false" data-transition="ease-in"><div class="glide__track" data-glide-el="track"><div class="glide__slides"><div class="wp-block-themeisle-blocks-slider-item-wrapper glide__slide" tabindex="0"><figure><img decoding="async" class="wp-block-themeisle-blocks-slider-item" src="https://optiker-bogen.de/wp-content/uploads/2025/03/PXL_20250201_102639211-scaled.jpg" alt="" title="" data-id="994"/></figure></div><div class="wp-block-themeisle-blocks-slider-item-wrapper glide__slide" tabindex="0"><figure><img decoding="async" class="wp-block-themeisle-blocks-slider-item" src="https://optiker-bogen.de/wp-content/uploads/2025/03/20211026_180111.jpg" alt="" title="" data-id="990"/></figure></div><div class="wp-block-themeisle-blocks-slider-item-wrapper glide__slide" tabindex="0"><figure><img decoding="async" class="wp-block-themeisle-blocks-slider-item" src="https://optiker-bogen.de/wp-content/uploads/2025/03/PXL_20250303_1036130062-scaled.jpg" alt="" title="" data-id="1024"/></figure></div><div class="wp-block-themeisle-blocks-slider-item-wrapper glide__slide" tabindex="0"><figure><img decoding="async" class="wp-block-themeisle-blocks-slider-item" src="https://optiker-bogen.de/wp-content/uploads/2025/03/PXL_20250110_164203058-scaled.jpg" alt="" title="" data-id="1025"/></figure></div><div class="wp-block-themeisle-blocks-slider-item-wrapper glide__slide" tabindex="0"><figure><img decoding="async" class="wp-block-themeisle-blocks-slider-item" src="https://optiker-bogen.de/wp-content/uploads/2025/02/IMG-20250201-WA0012.jpg" alt="" title="" data-id="968"/></figure></div><div class="wp-block-themeisle-blocks-slider-item-wrapper glide__slide" tabindex="0"><figure><img decoding="async" class="wp-block-themeisle-blocks-slider-item" src="https://optiker-bogen.de/wp-content/uploads/2025/05/PXL_20250409_065745413-scaled.jpg" alt="" title="" data-id="1141"/></figure></div><div class="wp-block-themeisle-blocks-slider-item-wrapper glide__slide" tabindex="0"><figure><img decoding="async" class="wp-block-themeisle-blocks-slider-item" src="https://optiker-bogen.de/wp-content/uploads/2025/03/IMG_E0492-scaled.jpg" alt="" title="" data-id="991"/></figure></div><div class="wp-block-themeisle-blocks-slider-item-wrapper glide__slide" tabindex="0"><figure><img decoding="async" class="wp-block-themeisle-blocks-slider-item" src="https://optiker-bogen.de/wp-content/uploads/2025/05/a6i7i2nx.png" alt="" title="" data-id="1132"/></figure></div><div class="wp-block-themeisle-blocks-slider-item-wrapper glide__slide" tabindex="0"><figure><img decoding="async" class="wp-block-themeisle-blocks-slider-item" src="https://optiker-bogen.de/wp-content/uploads/2025/05/PXL_20250507_084437392-scaled.jpg" alt="" title="" data-id="1163"/></figure></div><div class="wp-block-themeisle-blocks-slider-item-wrapper glide__slide" tabindex="0"><figure><img decoding="async" class="wp-block-themeisle-blocks-slider-item" src="https://optiker-bogen.de/wp-content/uploads/2025/04/PXL_20250402_0944371603.jpg" alt="" title="" data-id="1069"/></figure></div><div class="wp-block-themeisle-blocks-slider-item-wrapper glide__slide" tabindex="0"><figure><img decoding="async" class="wp-block-themeisle-blocks-slider-item" src="https://optiker-bogen.de/wp-content/uploads/2025/05/20220125_162444-scaled.jpg" alt="" title="" data-id="1146"/></figure></div></div><div class="glide__bullets" data-glide-el="controls[nav]"><button class="glide__bullet" data-glide-dir="=0"></button><button class="glide__bullet" data-glide-dir="=1"></button><button class="glide__bullet" data-glide-dir="=2"></button><button class="glide__bullet" data-glide-dir="=3"></button><button class="glide__bullet" data-glide-dir="=4"></button><button class="glide__bullet" data-glide-dir="=5"></button><button class="glide__bullet" data-glide-dir="=6"></button><button class="glide__bullet" data-glide-dir="=7"></button><button class="glide__bullet" data-glide-dir="=8"></button><button class="glide__bullet" data-glide-dir="=9"></button><button class="glide__bullet" data-glide-dir="=10"></button></div></div></div>



<p></p>


<h1 class="wp-block-site-title"><a href="https://optiker-bogen.de" target="_self" rel="home">Optik Starcke</a></h1>


<p></p>



<p class="has-text-align-center has-medium-font-size">Ihr <strong>Optiker</strong> in der Rautenstadt <strong>Bogen</strong></p>



<ul class="wp-block-list">
<li class="has-medium-font-size">Traditionsfachgeschäft, seit 1979</li>



<li class="has-medium-font-size">persönliche und professionelle Beratung langjähriger und fachkundiger Mitarbeiter</li>



<li class="has-medium-font-size">wir finden die bestmögliche Lösung für jede Sehanforderung vom Kleinkind bis zum Senior</li>



<li class="has-medium-font-size">eine große Auswahl an Produkten von renommierten Herstellern</li>



<li class="has-medium-font-size">hohe Qualität und modernste Technik</li>



<li class="has-medium-font-size">hauseigene Augenoptik- Werkstatt, da finden wir immer eine Lösung für Ihre Brille</li>



<li></li>



<li class="has-medium-font-size"><br>Unsere Grundsätze</li>



<li class="has-medium-font-size">langfristig zufriedene Kunden</li>



<li class="has-medium-font-size">modernste Technik</li>



<li class="has-medium-font-size">Bewahrung des Handwerks, Brillen werden alle in der eigenen Werkstatt gefertigt</li>



<li class="has-medium-font-size">persönliche Beratung</li>



<li class="has-medium-font-size">Qualität</li>
</ul>



<p></p>



<div class="wp-block-group" style="padding-top:var(--wp--preset--spacing--50);padding-bottom:var(--wp--preset--spacing--50)"><div class="wp-block-group__inner-container is-layout-constrained wp-block-group-is-layout-constrained">
<div class="wp-block-columns is-layout-flex wp-container-core-columns-is-layout-9d6595d7 wp-block-columns-is-layout-flex">
<div class="wp-block-column neve-duotone has-black-color has-text-color has-link-color wp-elements-8ac86c5e636d0e3f7bcf81880ea23f2c is-layout-flow wp-block-column-is-layout-flow" style="padding-right:var(--wp--preset--spacing--30);padding-left:var(--wp--preset--spacing--30)">
<div style="height:16px" aria-hidden="true" class="wp-block-spacer"></div>



<h3 class="wp-block-heading has-text-align-center has-neve-text-color-color has-text-color has-medium-font-size"><a href="https://optiker-bogen.de/?page_id=61" data-type="page" data-id="61">Team</a></h3>



<p class="has-text-align-center"><br>Lerne unsere Mitarbeiter/innen kennen</p>
</div>



<div class="wp-block-column has-black-color has-text-color has-link-color wp-elements-397de6eaa02bab9925e1bd9023859be8 is-layout-flow wp-block-column-is-layout-flow" style="padding-right:var(--wp--preset--spacing--30);padding-left:var(--wp--preset--spacing--30)">
<div style="height:16px" aria-hidden="true" class="wp-block-spacer"></div>



<h3 class="wp-block-heading has-text-align-center has-neve-text-color-color has-text-color has-medium-font-size"><a href="https://optiker-bogen.de/?page_id=948" data-type="page" data-id="948">Brillen</a></h3>



<p class="has-text-align-center"><br>Vom Sehtest, über die Fassungs- und Glasauswahl</p>
</div>



<div class="wp-block-column has-black-color has-text-color has-link-color wp-elements-725f71eab1b69c8051de6b1b9ae65b4a is-layout-flow wp-block-column-is-layout-flow" style="padding-right:var(--wp--preset--spacing--30);padding-left:var(--wp--preset--spacing--30)">
<div style="height:16px" aria-hidden="true" class="wp-block-spacer"></div>



<h3 class="wp-block-heading has-text-align-center has-neve-text-color-color has-text-color has-medium-font-size"><a href="https://optiker-bogen.de/?page_id=69" data-type="page" data-id="69">Kontaktlinsen</a></h3>



<p class="has-text-align-center"><br>Zusammen finden wir für dich die bestmögliche Kontaktlinsen</p>
</div>



<div class="wp-block-column has-black-color has-text-color has-link-color wp-elements-9f942d149bc72cc58ea436d567d7a6f5 is-layout-flow wp-block-column-is-layout-flow" style="padding-right:var(--wp--preset--spacing--30);padding-left:var(--wp--preset--spacing--30)">
<div style="height:16px" aria-hidden="true" class="wp-block-spacer"></div>



<h3 class="wp-block-heading has-text-align-center has-neve-text-color-color has-text-color has-medium-font-size"><a href="https://optiker-bogen.de/?page_id=983" data-type="page" data-id="983">visuelle Rehabilitation</a></h3>



<p class="has-text-align-center">Vergrößernde Sehhilfen können das Leben erleichtern</p>
</div>
</div>


<div class="is-default-size wp-block-site-logo"><a href="https://optiker-bogen.de/" class="custom-logo-link" rel="home"><img decoding="async" width="150" height="150" src="https://optiker-bogen.de/wp-content/uploads/2025/03/cropped-logo_v2.0.3.1.png" class="custom-logo" alt="Optik Starcke" srcset="https://optiker-bogen.de/wp-content/uploads/2025/03/cropped-logo_v2.0.3.1.png 150w, https://optiker-bogen.de/wp-content/uploads/2025/03/cropped-logo_v2.0.3.1-60x60.png 60w" sizes="(max-width: 150px) 100vw, 150px" /></a></div>


<h2 class="wp-block-heading">Unsere Geschichte</h2>



<p class="has-white-color has-text-color">Optik Starcke ist schon seit 1979 am Bogener Stadtplatz zu finden und Anlaufstelle für Kunden, die eine hochwertige Brille, Kontaktlinsen oder andere optische Geräte suchen.</p>



<p class="has-black-color has-text-color">Franz Anzinger hat 1975 bei Optik in Straubing seine Ausbildung angefangen und seit 1984 ist er staatl. geprüfter Augenoptikmeister und als Standortleitung in Bogen beschäftigt. Seit 2008 ist er Inhaber und Geschäftsführer von Optik Starcke in Bogen.</p>
</div></div>



<p></p>

<p>Ihr Optiker in der Rautenstadt Bogen Team Lerne unsere Mitarbeiter/innen kennen Brillen Vom Sehtest, über die Fassungs- und Glasauswahl Kontaktlinsen Zusammen finden wir für dich die bestmögliche Kontaktlinsen visuelle Rehabilitation Vergrößernde Sehhilfen können das Leben erleichtern Unsere Geschichte Optik Starcke ist schon seit 1979 am Bogener Stadtplatz zu finden und Anlaufstelle für Kunden, die eine &hellip; </p>
